 - 0).
2
-2 - -2 - -3 - -2
5
Calculate 3 - 4 - (-5 - -1 - -1).
2
4 - -1 - 8 - 2
-5
What is the value of 26 + -21 + -1 + -3 + 2?
3
Calculate (-2 - -4) + -14 + 12.
0
What is -6 + (-10 + 7 - -6)?
-3
Calculate -4 - (10 + -4 + (6 - 11)).
-5
What is the value of (7 - 4 - 13) + 1 + 2?
-7
What is the value of 7 + -4 + -7 + -3 + 7?
0
Calculate (4 - (0 - 1)) + (1 - 11).
-5
What is the value of -7 - (-13 - (-5 - (6 - 4)))?
-1
Evaluate -10 - (-2 + -6 + 5).
-7
What is -2 + 7 + -1 + (-4 - -5)?
5
Evaluate 16 + -15 + -4 + -1.
-4
Calculate 22 - 22 - (-2 - 0).
2
What is -6 + -1 + 5 + -1 + -2?
-5
Calculate -11 - -26 - (-2 + 10).
7
1 + -8 + 5 + -3 + 0
-5
What is the value of 1 + -9 - (26 - 31)?
-3
What is the value of 30 + -22 + -2 + -3?
3
What is the value of -2 + (-2 - 0) + 1 + 3?
0
Calculate -1 + (2 + 12 - -2) + -7.
8
What is 9 - (13 + 1 + 3)?
-8
Evaluate 1 - (-8 + (6 - -9)).
-6
What is 4 + -3 + -4 - -3?
0
What is 1 + -3 + (6 - (4 - 1))?
1
What is the value of 80 - 76 - (2 - (-3 + 9))?
8
-8 + 11 + (4 - (-7 - -13))
1
What is (-13 - -29 - 7) + -7?
2
What is 2 + 0 + -3 + -4?
-5
-1 - 11 - 0 - -14
2
-2 - -3 - (1 + -5 + 3)
2
Evaluate 9 + -11 + -2 + 5.
1
What is 2 + -1 - -5 - (49 + -48)?
5
What is 7 + (-5 - 6) + 6?
2
-18 - (1 + -17 + 3)
-5
(4 - 19) + 3 - (1 + -6)
-7
Calculate 3 - 3 - -2 - 0.
2
Calculate (2 - (1 - 0)) + (-52 - -47).
-4
Calculate -1 - (-4 - -4) - 4.
-5
-1 - (-4 - -3 - 0)
0
What is 19 - (1 - -11) - 11?
-4
What is the value of 4 - (0 - 2 - -4)?
2
What is the value of (-3 - 2) + 2 - (-56 + 60)?
-7
Evaluate 3 - (-4 + (5 + -7 - -5)).
4
Calculate -2 + (14 + -4 - 2) + -4.
2
Evaluate (1 - 0) + -10 + 8.
-1
Calculate -1 + (-2 + 3 - (3 - 3)).
0
Calculate -5 + 6 + -7 + (5 - 3).
-4
What is the value of (4 - (-13 - -6)) + (-4 - -1)?
8
Calculate -10 + (-4 + -2 - -12).
-4
Evaluate 6 + -3 + 1 - 2.
2
What is 1 - (-1 - (-2 + 0 + 2))?
2
What is 4 - (-8 + -4 - -17)?
-1
Evaluate 3 - (-7 + (-3 - -6)) - 4.
3
What is -12 + 0 + 2 + 6?
-4
Calculate 2 + (2 - 7) + 6.
3
Evaluate (69 - 77) + (0 - -2).
-6
Calculate (0 - 3) + (7 - 2).
2
Calculate (-8 - (1 + -2)) + 15.
8
What is the value of (0 - 4) + -23 + (36 - 15)?
-6
16 + (-8 - (-6 + 5 - 1))
10
What is the value of 5 + (3 - (4 + 7))?
-3
What is 1 - -1 - (-12 - -11) - 11?
-8
What is (-1 - 2) + (5 - -1)?
3
Evaluate 4 - (7 + 1) - (1 + -3).
-2
What is 1 + 2 + (-2 + -2 - -4)?
3
0 - (-1 + 2 - -1 - 2)
0
(0 - -1 - 2) + -205 + 204
-2
Calculate -8 - (-10 + 7 + 1).
-6
-10 + (-3 - -6) + (-1 - -3)
-5
What is -1 + 6 - (-1 - -5)?
1
What is 10 - (-2 - (-3 + 0 + -1))?
8
What is -12 - (-6 + (-7 - -3))?
-2
Calculate 5 + (-3 - (-4 - -8)).
-2
-2 - ((4 - 6) + 3 - 5)
2
Calculate (-2 - -5 - 6 - -3) + -3.
-3
What is 4 + 5 + -14 + 7?
2
Evaluate -3 - 1 - (-4 - 3).
3
11 + -2 + (0 + -4 - -3)
8
What is 2 + -12 + (17 - 11)?
-4
What is the value of -3 + 2 + 1 + 3?
3
What is 8 - (-5 - (-16 - -6))?
3
Evaluate -51 + 50 + 0 + -6.
-7
Evaluate 9 + -3 + -5 + -7.
-6
What is -2 + 2 + 6 - (9 + 2)?
-5
Evaluate 11 - 4 - (1 - -1 - 1).
6
Calculate 1 + (-9 - 1) + 18.
9
What is 7 + (2 - 8) + 2 - 1?
2
What is -17 + 8 - (-7 - -3)?
-5
What is the value of -1 - 1 - (-2 + 1)?
-1
Calculate 3 + (0 - 4 - 4).
-5
Evaluate 1 - (-7 - (-2 - 2)).
4
(4 - 1) + -8 + 6 + 0
1
What is the value of (1 - 2) + -1 + 345 + -343?
0
What is the value of -22 - -21 - (1 - 3) - 7?
-6
Evaluate 3 + (1 - -1 - (-4 - -12)).
-3
What is 1 - 2 - (3 + 7 - 11)?
0
Calculate -3 + -2 + -2 - (-7 + -6).
6
What is -2 + 5 + (-7 - (0 - 4))?
0
What is -10 + 14 - (6 - 3)?
1
Calculate -15 + 26 - (0 + 11).
0
What is the value of -7 + 28 + -5 + -11?
5
Calculate (0 - 0) + (0 - (-10 - -7)).
3
What is -1 + (-4 - -5 - 4)?
-4
What is the value of 8 + -8 + 3 - 0?
3
Calculate 23 + -14 + 7 + -8 - -2.
10
Evaluate (-1 + -1 - 2) + 6.
2
Calculate -4 + 2 + (-6 - -4).
-4
Calculate 0 - (2 - -2) - -2.
-2
Calculate 2 + (7 - 7 - -4).
6
-3 - (-6 - (-4 + -4)) - 4
-9
14 + (3 - (0 + 4)) - 6
7
What is (5 + (0 - 10) - -6) + -3?
-2
2 - (-2 - (0 - (0 + 3)))
1
What is (-14 - -13) + (-3 - -10)?
6
Evaluate (-2 - -10) + -5 + -1 + -11.
-9
What is the value of 8 + -8 + 4 + 1?
5
-2 - ((-11 - -21) + -9)
-3
0 + (-6 - -8) + (7 - 3)
6
What is 6 - (-3 + -2 + 4) - 3?
4
-1 + -3 - (-4 - -3)
-3
What is the value of 3 + -3 + -4 + 6 + -7?
-5
Evaluate -1 - (1 + (2 - 1)).
-3
Evaluate 3 - -1 - (-70 - -68).
6
Evaluate (-4 - (-1 - 9)) + 1 - 4.
3
0 + (-5 + 2 + 0 - -4)
1
What is the value of 6 + (-1 - (10 - 1))?
-4
Evaluate 1 + (2 - (3 - 3)) - 0.
3
What is 2 + -2 + -2 + 5?
3
What is 1 - (-4 - -2 - 2 - -1)?
4
3 - 2 - 2 - (35 + -37)
1
What is -2 + 12 + 6 - 8?
8
-81 - -85 - (14 + (-1 - 0))
-9
Evaluate (-2 - 1) + (-14 - -24).
7
8 + -2 - 12 - -2
-4
What is the value of -1 + -1 + 6 + 37 + -38?
3
What is 0 + 0 + 1 - (63 + -58)?
-4
What is -3 - (-9 - (-1 - 3)) - 3?
-1
What is the value of 6 - ((1 - 4) + 14)?
-5
Evaluate (18 - 5) + -9 + (-1 - 2).
1
What is the value of -2 - (6 - (11 + -2))?
1
-2 - (-4 + -1 + -3 + 10)
-4
Evaluate -3 - (10 + -3) - -9.
-1
What is 2 - (-4 + 6) - 1?
-1
Evaluate (2 - (-6 + (-4 - -4))) + -2.
6
Calculate -13 + 4 + 5 + 11.
7
Evaluate -4 + -3 + -5 + 16.
4
Evaluate 0 - -6 - 5 - (-1 + 1).
1
Calculate 0 + 7 + (-1 - 0).
6
-4 + 11 - (7 - -8)
-8
What is the value of -6 + 5 - (-2 - (2 + -3))?
0
Evaluate -1 - (-7 - (-1 - (1 + 3))).
1
What is the value of 1 - (5 - 1) - -2?
-1
Calculate (3 - -10) + -26 + 10.
-3
-71 + 74 - (1 - (-1 + 1))
2
2 + -6 + 3 + (-1 - 2)
-4
What is the value of -4 + -1 + (-10 - -6) + 0?
-9
Calculate -4 - (-3 + (3 - (0 - -9))).
5
What is the value of (-7 - -11) + 7 + -12?
-1
What is (2 - -2) + (5 - (-6 - -22))?
-7
What is -3 + 4 + (5 - 7) - -1?
0
What is the value of 0 + 6 - (-37 - -41)?
2
What is 4 + (-2 - (5 + -5))?
2
Calculate 5 - (4 + -5 + 5).
1
Calculate -4 - (3 - 2) - -6.
1
Evaluate 6 + -15 + 0 + 4 + 9.
4
What is the value of -3 + 1 + (28 - 25)?
1
What is 7 - (-4 - -3 - (-12 + 5))?
1
Calculate -9 - (-11 + 1 - -6).
-5
Calculate -7 + (1 - 2 - -3).
-5
What is the value of 0 + (2 - 0) + -2 + 0?
0
-8 - -2 - (-3 + 0)
-3
Calculate 6 + (11 + -7 - 4).
6
Calculate -1 + -11 - (-236 + 224).
0
What is the value of (-4 + 1 - -3) + -11 + 6?
-5
Evaluate -1 - 1 - (8 + -17).
7
Evaluate (2 - 12) + 9 - (-3 + 0).
2
What is the value of 2 - (-1 - (-2 - 3)) - -7?
5
What is the value of (-9 - -6) + 2 + 2 - 6?
-5
Calculate -9 + 5 - (0 + -3) - -5.
4
Evaluate (0 - 0) + (8 + -15 - -15).
8
What is the value of (-9 - (4 - 9)) + 2 + 6?
4
What is the value of 35 - 40 - (0 + -10)?
5
Evaluate (1 - 1) + -1 - (-43 - -40).
2
-1 - (3 + 1 - (8 - 1))
2
Evaluate 1 + 0 + -1 + -1.
-1
What is 2 + 3 - (68 + -59)?
-4
What is -1 + (-5 - 0) - -14 - 3?
5
What is 10 + -5 + -5 - -1?
1
Calculate 5 - (14 - (2 - -2)).
-5
-4 - 0 - (-6 - -3)
-1
What is (0 - -4) + 12 + -9 - 2?
5
What is the value of (2 - 5 - -2 - 4) + 16?
11
-9 - (0 + 8 + -7 + -3)
-7
Calculate 4 + (-5 - (1 - 4)).
2
(-4 - -1) + 14 + -13 + 4
2
What is the value of -1 - (-4 + -4 + 1 + 9)?
-3
What is the value of 4 + 0 + (4 - 7)?
1
Calculate (-5 - -6) + -8 + (3 - -1).
-3
What is (-3 - (-2 + 0)) + 3?
2
What is 9 + -5 + -8 + -1 + 1?
-4
What is the value of 3 + -7 + 4 + -2 + -2?
-4
(-13 - -20) + (-11 - 0)
-4
What is 1 + 3 + -4 - (-6 + 9)?
-3
What is -4 - (5 + 2 - (26 + -10))?
5
2 + 2 + (-2 - (6 - 3))
-1
What is 5 + -2 + -2 - 1?
0
Calculate -2 + 4 + 4 + -4.
2
Calculate 1 + 3 - (3 + -1).
2
(4 + -5 - -2) + 2
3
Evaluate -1 + 2 + -2 - -2.
1
What is the value of (7 - (11 - 11)) + -2?
5
Calculate -6 + 1 + 0 + (-30 - -31).
-4
Evaluate (1 - -4) + (-43 - -43).
5
9 + (1 - 13) + 5 + 0
2
What is the value of 2 - 16 - (-16 - -4)?
-2
3 - ((-1 - -2) + -2)
4
7 - 3 - (-8 + 15)
-3
What is -4 + (12 - (-4 - -8))?
4
-2 - (-4 + 0) - (2 + -2)
2
What is (-8 - (-11 - 6)) + -4?
5
What is 5 + -3 + 1 + -2 - -2?
3
Calculate 0 + (2 - 5) + 0.
-3
What is 2 + (16 - 8) + -6?
4
0 + 6 + -3 - (-3 + 3)
3
Calculate -4 + (5 - (-3 + 4)).
0
What is 1 + (1 - (1 + 1) - 0)?
0
-5 - (-11 + 11 - 0)
-5
Calculate 2 + (-4 - (3 - (5 + 3))).
3
Evaluate 0 + -5 + 18 + -14.
-1
What is the value of -1 + 2 - -3 - (16 - 12)?
0
Calculate (7 - (16 - 9)) + 4.
4
-1 + (0 - (3 - -5)) + 6
-3
Calculate 5 + (-6 - -17) + -9 + 2.
9
What is (-1 - -10 - (33 + -27)) + -10?
-7
Calculate (4 - 10) + 0 + -1.
-7
Calculate (10 - (5 - (0 - 1))) + -3.
1
What is -3 - (-1 + (-2 - -5))?
-5
What is the value of -12 + -6 + 9